st the prime factors of n.
2, 3, 5
Suppose -3508 = 10*w + 4682. List the prime factors of ((-46)/(-6)*-1)/(13/w).
3, 7, 23
Suppose -14*w + 51 = 5917. Let m = 625 + w. Let h = 344 - m. What are the prime factors of h?
2, 3, 23
Suppose -800377 = -121*c - 173476. What are the prime factors of c?
3, 11, 157
Suppose 0*p - 5*p - 2*q + 286207 = 0, 0 = 2*p + q - 114484. List the prime factors of p.
7, 13, 17, 37
Let t(g) = -2*g + 44. Let f be t(18). Suppose 5*c - 170 = -7*p + f*p, -2*c + 2*p + 68 = 0. Suppose -5*k + 6 = -c. List the prime factors of k.
2
Suppose -37 = 11*d - 708. List the prime factors of (-571)/5*(d - 66).
571
Let i(d) = d**3 + 9*d**2 + 4*d + 57. Let p be i(-9). Suppose -11*o = -p*o + 740. List the prime factors of o.
2, 37
Suppose -3*i - 826 = 5*p, 0*i + i = -p - 166. Let n = p - -1037. List the prime factors of n.
3, 97
Let l be 2/(-12)*4 + 64/6. Let m be 5745/(-27) + l/(-45). Let r = m - -324. List the prime factors of r.
3, 37
Let k(j) = 733*j**2 - 129*j - 264. What are the prime factors of k(-2)?
2, 7, 11, 19
Suppose -17*x + 868 = -4997. Let l = x + 1327. What are the prime factors of l?
2, 11, 19
List the prime factors of 73717 - 24/216*18.
5, 23, 641
Suppose -5*j + 28614 = p - 1302, p - j - 29946 = 0. What are the prime factors of p?
79, 379
Suppose 199067 = 20*o - 715333. List the prime factors of o.
2, 3, 5, 127
Suppose 226*l = 216*l + 50. Suppose -l*w + 3*x + 669 = 0, -4*x - x + 280 = 2*w. What are the prime factors of w?
3, 5
Suppose 45*m - 47*m + 13694 = -2*k, 20536 = 3*m - 4*k. List the prime factors of m.
2, 3, 571
Let j be (-6 - (-5 - -5))*-6. Suppose -j*c - 13304 = -89372. List the prime factors of c.
2113
Let y(z) = 2*z. Let a(h) = 1. Let u(t) = -6*a(t) - 2*y(t). Suppose 5*v + 2*r = -19, 4*r - 1 = 6*v - 3*v. What are the prime factors of u(v)?
2, 3
What are the prime factors of ((-592)/(-98) - (-486)/(-11907)) + 0 + 41355?
3, 17, 811
What are the prime factors of 19 + -23 + 6 + 181*52?
2, 3, 523
Let u(j) = -2*j - 1. Let o be u(-5). Suppose -y - 6 = y - 4*l, y - o = -l. Suppose 0*f = -3*h - 4*f + 67, -10 = y*f. What are the prime factors of h?
5
Let t = -382 + 387. Let d(g) = 9*g - 2*g**2 - 7*g**3 + 3*g - 3*g**3 + 12*g**3 - 1. List the prime factors of d(t).
7, 37
Let b(d) = -d**3 + 19*d**2 + 44*d - 36. Let k be b(21). List the prime factors of ((-20)/k)/(9/(-243)).
2, 3, 5
Let y(k) = 3640*k + 15284. What are the prime factors of y(13)?
2, 3, 37, 47
Suppose -32*z + 11167731 = 209*z - 3731612. List the prime factors of z.
211, 293
Suppose 246*g + 59542 = 260*g. List the prime factors of g.
4253
Let d(l) = -l**2 - l + 13. Let k(y) = y - 12. Let t(a) = 4*d(a) + 5*k(a). Let v be t(4). Let h = 58 - v. List the prime factors of h.
2, 3, 7
Suppose 7*c - 14 = -0. Suppose 2 = 3*x - c*x. Suppose -x*l = -4*q + 418, -5*l = -l + 12. What are the prime factors of q?
103
Let q be -2*((-2)/4 - 3). List the prime factors of (21068/(-322))/((-1)/q).
2, 229
Suppose 2*b = -s + 8, -4*b = -s - 13 + 21. Suppose 80 = t - 77. Suppose r = t - s. List the prime factors of r.
149
Let l = 112 + -123. Let i = l + 14. Suppose i*k - 459 = -u - 2*u, 153 = u + 3*k. What are the prime factors of u?
3, 17
Suppose -3*j - m - m = -221026, 4*m + 294728 = 4*j. List the prime factors of j.
2, 11, 17, 197
Let s(m) = m**3 + 22*m**2 + 22*m + 25. Let o be s(-21). What are the prime factors of o - ((-60)/(-40) - 7030/4)?
2, 5, 11
Suppose -41*k - 129 = 158. Let j(t) = -105*t + 31. What are the prime factors of j(k)?
2, 383
Suppose 4*z - k - 76 = 0, -1 = z + 3*k - 33. Suppose z*j + 3 = 23*j. What are the prime factors of (-556)/(-8) + j/(-2)?
3, 23
Let d(r) be the third derivative of -179*r**4/24 + 55*r**3/3 + 12*r**2. What are the prime factors of d(-4)?
2, 7, 59
Let l be -894*(3/(-21) + 0)*42. Suppose l = 11*r + 1382. List the prime factors of r.
2, 181
Suppose -317*t = -38*t - 3423330. What are the prime factors of t?
2, 3, 5, 409
Suppose -11*c + 16*c + 4*h = 48990, 4*c + 4*h = 39192. Suppose -c = 384*a - 390*a. List the prime factors of a.
23, 71
Suppose -10*z + 12*z - 54 = 0. Let n(l) = -z - 34 + 9*l + 54. List the prime factors of n(5).
2, 19
Let a(z) = 65*z**2 - 109*z + 700. What are the prime factors of a(6)?
2, 1193
Suppose -3*b - b = y - 3399, y - 2*b = 3381. Suppose 15*r - 1833 = y. What are the prime factors of r?
2, 3, 29
Suppose 6*c - 231372 = 5*k, 0 = -43*c + 38*c - k + 192779. What are the prime factors of c?
38557
Let g(b) = -80*b**3 + 5*b**2 - 20*b - 7. What are the prime factors of g(-4)?
5273
Let g(t) = 2*t + 7*t**2 + 6 + 2*t - 36. Let k(i) = i**2 + 9*i - 76. Let x be k(5). What are the prime factors of g(x)?
2, 3, 11
Let a be 2*11/(-6) + (-10)/(-15). Let u(k) = 3*k + 20*k**2 - 8*k**2 - 7 + 19. List the prime factors of u(a).
3, 37
Let y = -1010 + 1013. Let w be (-88)/(-10) - (-4)/20. List the prime factors of (y/w)/(3/423) + 3.
2, 5
Suppose -r = -5*r + 4. Let x be (r/2)/(2/168). Suppose 3*h - x = 21. List the prime factors of h.
3, 7
Let i(h) = 59*h**2 - 2*h - 2. Let y be (1/(-6) + 55/6)*1. Let p = 8 - y. What are the prime factors of i(p)?
59
Suppose -u + 45 = 2*j, 5*u + 28 = -6*j + 7*j. Suppose -j*i + 666 = -22*i. Suppose -i = -11*f + 2*f. List the prime factors of f.
2, 37
Suppose 0 = 3*c + 4*l - 10230, 47*l - 50*l = 0. List the prime factors of c.
2, 5, 11, 31
Suppose 4*d - o - 10 = o, 4*d = -2*o + 14. Suppose -3*a = -4*r + 1027, -6*a + 4*a + 783 = d*r. What are the prime factors of r?
7, 37
Suppose 62*f = 56*f - 13188. Let p = -1549 - f. List the prime factors of p.
11, 59
Let p = -247 - -269. What are the prime factors of (-2 + p/2)/((-2)/(-94))?
3, 47
What are the prime factors of -426*(2 - (20 - 1))?
2, 3, 17, 71
Let d = 6391 + 2110. List the prime factors of d.
8501
Let s = 368 + -248. Let x be s*16/(-60)*-5. Suppose 4*i + 736 = 4*g, 3*i - x = -3*g + 362. What are the prime factors of g?
179
What are the prime factors of -5 + ((-39)/(-26) - 1)*29024?
89, 163
Suppose -4*g + 2*i = -12592, 38*g - 50434 = 22*g - 3*i. List the prime factors of g.
23, 137
Let t = 841 - 835. Suppose -4*i - 3104 = -3*m, t*m - 3108 = 3*m + 3*i. List the prime factors of m.
2, 5, 13
Suppose 4*a + 454 = -0*a - 3*v, 332 = -3*a + 2*v. Suppose f + 392 = 2*t, -790 = -4*t + 5*f - 12. Let u = a + t. What are the prime factors of u?
5, 17
Let r = 52 + -31. Suppose 5 = 5*g, 3*f + 3*g = r + 12. Suppose -f*b + 27 = -9*b. List the prime factors of b.
3
Let t = -204 - -206. Suppose 3*r + 310 = 5*k + 8*r, -2*r = -t*k + 132. List the prime factors of k.
2
Let h = 379 + -374. Suppose 3*j - 6*v - 1706 = -4*v, v = h*j - 2834. What are the prime factors of j?
2, 283
Let f = 8147 + -8140. Let k(l) = -l**2 + 5*l + 4. Let b be k(4). Suppose f*i + 151 = b*i. List the prime factors of i.
151
Suppose -9*h + 6*h = -30. Suppose 0 = -h*z + 6*z - s + 307, -5*s - 159 = -2*z. Let m = z - -115. List the prime factors of m.
2, 3
Suppose -140*d - 4879440 = -383*d. What are the prime factors of d?
2, 5, 251
Let x(t) = -9*t + 195. Let w be x(21). Let q(f) be the third derivative of f**5/30 + f**4/24 - 7*f**3/6 + f**2. What are the prime factors of q(w)?
71
Suppose 0 = -5*q - 3*k + 5*k - 10, -3*k = 3*q + 6. Let p be q - (10/4)/((-3)/138). Let u = 298 - p. What are the prime factors of u?
5, 37
Let f be (21/9)/(3/18). Suppose f = o + 3. Suppose -o - 101 = -b. List the prime factors of b.
2, 7
Let v(r) = 216*r - 1040. List the prime factors of v(8).
2, 43
What are the prime factors of 49 + -43 + 4/(-2) + 19594?
2, 41, 239
Suppose -5*g + 15 = 0, g + 1530 = -4*t + 3*g. Let h be ((-12)/(-4) - 6)*(-4626)/(-54). Let l = h - t. What are the prime factors of l?
2, 31
What are the prime factors of (-19)/(-1653)*-6 + 597750/29?
2, 5153
Suppose -4*c + 4*z = 21626 - 64942, -4*z + 43316 = 4*c. List the prime factors of c.
7, 13, 17
Let v be (-4)/12*(1 + -2 + -38). Suppose -1896 = 9*p - v*p. Suppose -g = -3*g + p. List the prime factors of g.
3, 79
Suppose 12 - 17 = x. Let a(d) = -d**2 - 10*d - 25. Let f be a(x). Suppose 4*u - 702 = 3*y, f = -y - 0*y + 2. What are the prime factors of u?
3, 59
Suppose -34*f - 76*f + 7465470 = 35*f. List the prime factors of f.
2, 3, 8581
Suppose 0 = -0*r + r + b + 191, -4*r = -b + 739. List the prime factors of r/90*-213 - 2/10.
2, 5, 11
Suppose 1610*k + 37404 = 1616*k. What